e 13) to base 7.
-25002
What is 10416 (base 13) in base 14?
a93a
Convert 104 (base 11) to base 7.
236
Convert -354 (base 13) to base 5.
-4301
1001001000010 (base 2) to base 4
1021002
What is -13a (base 16) in base 9?
-378
What is 20c (base 16) in base 2?
1000001100
What is -552 (base 16) in base 4?
-111102
Convert -1302 (base 13) to base 3.
-10201020
-10011101100100 (base 2) to base 3
-111211111
What is 13424 (base 7) in base 3?
11222222
-2001211122 (base 3) to base 14
-10b98
Convert 22200203 (base 4) to base 9.
65035
What is 1001101000001 (base 2) in base 14?
1b21
c90 (base 13) to base 2
100001100001
Convert 14553 (base 9) to base 6.
113550
Convert 112003 (base 4) to base 11.
1073
What is 3c3 (base 14) in base 15?
359
What is -140324 (base 6) in base 7?
-53101
-116 (base 12) to base 10
-162
What is -1259b (base 14) in base 7?
-245154
Convert -f63 (base 16) to base 8.
-7543
What is 10110000011101 (base 2) in base 10?
11293
-1110000111010 (base 2) to base 4
-1300322
3224 (base 6) to base 13
448
What is -101111111 (base 2) in base 9?
-465
-2 (base 4) to base 9
-2
Convert 2811 (base 15) to base 16.
2176
10100101111001 (base 2) to base 11
7a82
Convert -17a72 (base 14) to base 10.
-59684
39a (base 14) to base 12
504
2331 (base 6) to base 4
20233
Convert 1a5d (base 14) to base 8.
11263
Convert 121 (base 11) to base 4.
2100
-11074 (base 10) to base 5
-323244
Convert -b496 (base 14) to base 15.
-9335
1232332 (base 4) to base 2
1101110111110
What is 104144 (base 8) in base 15?
a52b
What is -36b9 (base 14) in base 13?
-4483
Convert -674 (base 15) to base 4.
-112303
What is -111212 (base 4) in base 15?
-622
13077 (base 13) to base 6
431110
Convert 111011000001000 (base 2) to base 5.
1431331
15094 (base 11) to base 5
1141044
174bb (base 12) to base 10
33551
What is -a4c (base 14) in base 11?
-1584
Convert -122221 (base 3) to base 6.
-2124
What is 1920 (base 10) in base 15?
880
-4a6 (base 16) to base 5
-14230
What is -1003122 (base 5) in base 8?
-37245
What is 21064 (base 11) in base 10?
30683
Convert -1762 (base 9) to base 7.
-3641
Convert -374 (base 11) to base 7.
-1203
-10100120 (base 3) to base 4
-212031
What is 972 (base 14) in base 2?
11101001000
-9888 (base 10) to base 15
-2de3
-c63 (base 14) to base 3
-10100100
-702a (base 15) to base 3
-1012110111
8825 (base 15) to base 3
1110112222
What is 32020 (base 4) in base 3?
1020111
da3 (base 14) to base 13
12c0
20d (base 15) to base 4
13033
What is 4a (base 16) in base 3?
2202
What is 12200001 (base 3) in base 2?
1000000100100
243a7 (base 14) to base 10
88543
-2400 (base 5) to base 16
-15e
Convert 221 (base 4) to base 14.
2d
100232 (base 4) to base 9
1418
What is 867 (base 11) in base 10?
1041
What is 653 (base 7) in base 15?
172
4005 (base 12) to base 11
5219
What is 563 (base 7) in base 12?
202
Convert 8946 (base 11) to base 9.
17146
22210201 (base 3) to base 4
1210102
Convert -110101100000 (base 2) to base 6.
-23504
Convert -10100110011011 (base 2) to base 9.
-15544
Convert -223 (base 14) to base 11.
-355
Convert 1835 (base 12) to base 2.
101101101001
What is 550 (base 12) in base 7?
2163
Convert 105434 (base 8) to base 11.
24835
What is -130232 (base 4) in base 8?
-3456
What is -2010 (base 3) in base 6?
-133
-45b9 (base 12) to base 4
-1321131
16230 (base 9) to base 11
83a3
What is 152441 (base 6) in base 8?
35011
What is 2e1e (base 16) in base 5?
334211
What is 16751 (base 9) in base 13?
5344
10100000010 (base 2) to base 9
1674
Convert -10110001001 (base 2) to base 7.
-4063
What is -17477 (base 11) in base 16?
-5fce
-1000010101001 (base 2) to base 16
-10a9
What is 36a1 (base 11) in base 5?
123310
What is 52161 (base 8) in base 7?
120011
What is 43315 (base 6) in base 5?
142301
What is 2326 (base 16) in base 6?
105354
What is -63168 (base 9) in base 2?
-1010001011100000
Convert -1000000010111000 (base 2) to base 6.
-412320
-1041 (base 8) to base 15
-265
Convert -31e (base 16) to base 15.
-383
What is 374a (base 16) in base 4?
3131022
Convert -551 (base 6) to base 2.
-11010011
22c2 (base 13) to base 16
131a
Convert -14510 (base 6) to base 5.
-33341
-4301 (base 8) to base 3
-10002000
Convert 10101121 (base 3) to base 16.
9a9
What is -100102 (base 3) in base 8?
-376
Convert 1871 (base 12) to base 4.
232111
Convert 12112100 (base 3) to base 15.
12dc
What is 30022 (base 4) in base 5?
11103
What is 22551 (base 6) in base 8?
6243
Convert 12225 (base 6) to base 5.
24232
What is 12190 (base 13) in base 4?
20013121
Convert 8871 (base 11) to base 6.
130050
Convert -d6d8 (base 16) to base 12.
-279b4
Convert -143a9 (base 14) to base 4.
-30033101
What is -3040 (base 9) in base 5?
-32343
Convert -1000201 (base 3) to base 10.
-748
What is 6216 (base 12) in base 2?
10100110110010
What is -12b4 (base 13) in base 9?
-3610
131122 (base 5) to base 14
1c4a
Convert 46a (base 12) to base 10.
658
2e2e (base 15) to base 16
26d8
Convert -1523 (base 7) to base 2.
-1001011101
Convert 2220 (base 3) to base 9.
86
-111 (base 4) to base 11
-1a
Convert 6735 (base 16) to base 2.
110011100110101
What is 11414 (base 7) in base 3?
11001022
54 (base 12) to base 8
100
6293 (base 15) to base 6
240250
-1770 (base 11) to base 2
-100011001111
What is -6551 (base 12) in base 15?
-3484
Convert 4c (base 16) to base 13.
5b
Convert 20211202 (base 4) to base 9.
53217
1113120 (base 4) to base 5
134332
Convert -6049 (base 10) to base 8.
-13641
-24000 (base 8) to base 9
-15037
Convert -20254 (base 6) to base 14.
-daa
Convert 10011001110 (base 2) to base 7.
3405
What is 701d (base 14) in base 9?
28342
Convert 100301 (base 4) to base 10.
1073
680 (base 13) to base 11
927
What is 2211 (base 7) in base 6?
3400
-1042 (base 7) to base 11
-30a
What is -12201101 (base 3) in base 15?
-137d
What is -359 (base 16) in base 5?
-11412
3223044 (base 5) to base 10
54774
What is -6334 (base 15) in base 8?
-50756
What is -1011022 (base 5) in base 13?
-75c7
11133 (base 8) to base 16
125b
Convert -1ba (base 13) to base 16.
-142
What is 647 (base 13) in base 16?
431
Convert 4340 (base 6) to base 8.
1744
What is -1244 (base 6) in base 15?
-161
668d (base 16) to base 13
bc46
-11500 (base 10) to base 7
-45346
What is -2111 (base 7) in base 14?
-3b1
What is -4247 (base 11) in base 5?
-134432
Convert -2239 (base 13) to base 10.
-4780
391 (base 14) to base 5
10330
-134 (base 6) to base 5
-213
What is -1000100100 (base 2) in base 9?
-668
3e72 (base 15) to base 8
32106
-15168 (base 9) to base 3
-112012022
111100001111101 (base 2) to base 13
11069
What is -20 (base 16) in base 15?
-22
Convert -3252 (base 6) to base 14.
-3ba
412 (base 10) to base 8
634
-3011022 (base 4) to base 6
-134230
What is -1a2 (base 16) in base 10?
-418
-1427 (base 9) to base 8
-2066
914 (base 15) to base 6
13244
What is 3b5d (base 14) in base 15?
3181
Convert -102203 (base 4) to base 3.
-1121222
Convert 2181 (base 10) to base 8.
4205
-6e73 (base 15) to base 16
-5bd4
10101101000101 (base 2) to base 5
323302
What is -2100 (base 4) in base 2?
-10010000
11101111010 (base 2) to base 14
9aa
Convert -254 (base 16) to base 15.
-29b
Convert -102011101 (base 3) to base 5.
-230022
3905 (base 10) to base 5
111110
101202012 (base 3) to base 2
1111010011011
What is -1011100220 (base 3) in base 11?
-161a8
Convert -2405 (base 10) to base 3.
-10022002
What is 842 (base 10) in base 4?
31022
Convert -22100200 (base 3) to base 12.
-3639
What is 1000100100 (base 2) in base 9?
668
Convert -2b3c (base 14) to base 12.
-4556
-1212011 (base 3) to base 2
-10101001010
What is -23 (base 5) in base 3?
-111
What is 4423 (base 10) in base 3?
20001211
Convert -221100 (base 3) to base 11.
-572
What is 37741 (base 8) in base 2?
11111111100001
What is -2952 (base 11) in base 4?
-323200
What is 2257 (base 10) in base 13?
1048
Convert -a3 (base 16) to base 5.
-1123
-628 (base 15) to base 11
-1052
-3421 (base 6) to base 5
-11210
12 (base 13) to base 14
11
Convert 115416 (base 7) to base 8.
51214
Convert 78 (base 13) to base 7.
201
2413 (base 10) to base 7
10015
Convert -16017 (base 10) to base 9.
-23866
Convert 13133230 (base 4) to base 15.
916a
-2130 (base 5) to base 4
-10202
-6256 (base 14) to base 7
-100236
What is 764 (base 12) in base 2?
10000111100
What is -233 (base 6) in base 14?
-69
What is 2162 (base 11) in base 7?
11212
Convert -152